2251
List the prime factors of 112592165.
5, 7, 1511, 2129
List the prime factors of 333861757.
523, 638359
List the prime factors of 15543513.
3, 1727057
List the prime factors of 2229331849.
31547, 70667
What are the prime factors of 3003381067?
6689, 449003
What are the prime factors of 2037812412?
2, 3, 169817701
What are the prime factors of 89386192?
2, 7, 114013
What are the prime factors of 99808631?
13, 7677587
What are the prime factors of 218535345?
3, 5, 7, 99109
List the prime factors of 694129060.
2, 5, 31, 971, 1153
List the prime factors of 1228256785.
5, 7, 5013293
List the prime factors of 71368699.
1381, 51679
List the prime factors of 400117377.
3, 11, 12124769
List the prime factors of 50213987.
503, 99829
What are the prime factors of 276976878?
2, 3, 31, 197, 7559
List the prime factors of 6367601380.
2, 5, 7, 5087, 8941
List the prime factors of 982392301.
11, 89308391
What are the prime factors of 2615335442?
2, 2287, 571783
What are the prime factors of 77609872?
2, 4850617
List the prime factors of 1666593362.
2, 7, 3907, 30469
What are the prime factors of 537164795?
5, 67, 83, 19319
List the prime factors of 400658271.
3, 13, 523, 1511
List the prime factors of 4212569547.
3, 37, 12650359
What are the prime factors of 88457454?
2, 3, 37, 44273
What are the prime factors of 34980016?
2, 17, 128603
List the prime factors of 251409904.
2, 821, 19139
List the prime factors of 487730795.
5, 97546159
List the prime factors of 39667993.
39667993
What are the prime factors of 3394741622?
2, 61, 3943, 7057
List the prime factors of 221233016.
2, 27654127
What are the prime factors of 19871882?
2, 47, 211403
List the prime factors of 145266243.
3, 547, 88523
What are the prime factors of 26283026?
2, 7, 11, 170669
List the prime factors of 555358491.
3, 20568833
What are the prime factors of 40907605?
5, 8181521
What are the prime factors of 70573018?
2, 17, 2075677
What are the prime factors of 94514641?
13, 379, 19183
What are the prime factors of 6766069884?
2, 3, 7, 80548451
List the prime factors of 633136465.
5, 13, 71, 137191
What are the prime factors of 939670649?
7699, 122051
List the prime factors of 1062897231.
3, 11, 397, 81131
List the prime factors of 2505938659.
7, 1609, 222493
What are the prime factors of 2279204382?
2, 3, 7, 13, 17, 31, 89
What are the prime factors of 1280875059?
3, 4967, 9551
What are the prime factors of 2571383566?
2, 15053, 85411
List the prime factors of 1628146721.
1628146721
List the prime factors of 38900312.
2, 11, 167, 2647
What are the prime factors of 323050365?
3, 5, 11, 652627
What are the prime factors of 75748387?
11, 13, 529709
What are the prime factors of 24843902?
2, 17, 107, 6829
List the prime factors of 7502869.
11, 682079
List the prime factors of 93455220.
2, 3, 5, 349, 4463
List the prime factors of 13035256.
2, 13, 125339
What are the prime factors of 1720384421?
7, 10729, 22907
List the prime factors of 182142541.
7, 41, 634643
What are the prime factors of 517948612?
2, 5783, 22391
What are the prime factors of 1692158261?
1692158261
List the prime factors of 700320542.
2, 17, 20597663
List the prime factors of 1169564217.
3, 389854739
List the prime factors of 812971779.
3, 6883, 39371
List the prime factors of 604929583.
604929583
What are the prime factors of 5410229?
11, 173, 2843
List the prime factors of 23456892.
2, 3, 1954741
List the prime factors of 468781150.
2, 5, 241, 38903
What are the prime factors of 5024694076?
2, 211, 5953429
What are the prime factors of 20452236?
2, 3, 7, 243479
List the prime factors of 1138176734.
2, 4217, 134951
What are the prime factors of 1228781953?
7, 1721, 101999
What are the prime factors of 1437671849?
1437671849
List the prime factors of 1363816337.
13, 37, 43, 233, 283
What are the prime factors of 41612073?
3, 17, 815923
List the prime factors of 1251067420.
2, 5, 62553371
List the prime factors of 21445432.
2, 17, 137, 1151
List the prime factors of 694185205.
5, 7, 2833409
What are the prime factors of 8925745?
5, 1785149
What are the prime factors of 442266059?
19, 523, 44507
What are the prime factors of 254491847?
349, 729203
List the prime factors of 2261120643.
3, 43, 193, 10091
List the prime factors of 44118730.
2, 5, 4411873
List the prime factors of 51153509.
11, 73, 63703
What are the prime factors of 2715791?
13, 208907
What are the prime factors of 254609635?
5, 7, 131, 7933
What are the prime factors of 16296643?
11, 134683
What are the prime factors of 161660909?
41, 73, 54013
List the prime factors of 64017723.
3, 7, 11, 431, 643
List the prime factors of 66937251.
3, 53, 197, 2137
List the prime factors of 69143952.
2, 3, 1440499
What are the prime factors of 12670282?
2, 83, 127, 601
What are the prime factors of 93160271?
93160271
What are the prime factors of 993776535?
3, 5, 22083923
What are the prime factors of 494034051?
3, 7, 41, 573791
What are the prime factors of 20383447?
7, 19, 153259
List the prime factors of 492938698.
2, 7, 17, 19, 67, 1627
List the prime factors of 369632520.
2, 3, 5, 1026757
List the prime factors of 697841003.
7523, 92761
What are the prime factors of 1016651893?
271, 1801, 2083
What are the prime factors of 826646963?
73, 1667, 6793
List the prime factors of 4939564562.
2, 97, 821, 31013
List the prime factors of 17110226.
2, 7, 1222159
What are the prime factors of 2875397726?
2, 257, 5594159
What are the prime factors of 77944024?
2, 9743003
What are the prime factors of 113339493?
3, 17, 53, 1553
List the prime factors of 40484149.
40484149
List the prime factors of 46787356.
2, 7, 11, 21701
What are the prime factors of 1044605044?
2, 7, 37307323
What are the prime factors of 216213286?
2, 108106643
List the prime factors of 133336574.
2, 7, 9524041
List the prime factors of 110823688.
2, 193, 71777
List the prime factors of 11171349.
3, 7, 177323
List the prime factors of 979341944.
2, 7, 59, 313, 947
What are the prime factors of 69903341?
97, 720653
List the prime factors of 146214093.
3, 17, 2866943
List the prime factors of 16078076.
2, 7, 82031
List the prime factors of 1196038250.
2, 5, 11, 434923
List the prime factors of 2857388577.
3, 17, 1151, 48677
What are the prime factors of 51740013?
3, 13, 67, 19801
List the prime factors of 33048720.
2, 3, 5, 197, 233
What are the prime factors of 198995902?
2, 7, 449, 31657
List the prime factors of 359425611.
3, 17, 1471, 1597
List the prime factors of 318832665.
3, 5, 61, 348451
What are the prime factors of 93883265?
5, 7, 17, 22541
What are the prime factors of 259312621?
757, 342553
List the prime factors of 40437304.
2, 53, 283, 337
List the prime factors of 1020428635.
5, 193, 269, 3931
What are the prime factors of 40833899?
4327, 9437
List the prime factors of 471579371.
17, 97, 285979
What are the prime factors of 30210664?
2, 11, 343303
What are the prime factors of 308854163?
61, 83003
What are the prime factors of 48459316?
2, 17, 241, 2957
List the prime factors of 173743868.
2, 2207, 19681
List the prime factors of 139244133.
3, 7, 947239
What are the prime factors of 37289154?
2, 3, 7, 887837
What are the prime factors of 1472512695?
3, 5, 98167513
What are the prime factors of 10184038?
2, 19, 283, 947
List the prime factors of 30798853.
1697, 18149
What are the prime factors of 180896506?
2, 7, 12921179
List the prime factors of 542450685.
3, 5, 7, 5166197
List the prime factors of 425746556.
2, 2089, 50951
What are the prime factors of 818156485?
5, 43, 3805379
What are the prime factors of 102018067?
102018067
What are the prime factors of 4628012812?
2, 1157003203
What are the prime factors of 5623557855?
3, 5, 151, 2482807
What are the prime factors of 578655420?
2, 3, 5, 7, 1377751
List the prime factors of 281529035.
5, 56305807
List the prime factors of 852685229.
11, 77516839
List the prime factors of 5602456435.
5, 6961, 160967
What are the prime factors of 371642093?
371642093
List the prime factors of 168446228.
2, 3529, 11933
What are the prime factors of 86025609?
3, 73, 127, 1031
What are the prime factors of 952715820?
2, 3, 5, 7, 324053
List the prime factors of 144609650.
2, 5, 17, 61, 2789
What are the prime factors of 3282508945?
5, 656501789
List the prime f